 -3*f + 5*q + 440 = 2*f. Suppose -2*y + f = -4*n + 34, -y = -n - 28. List the prime factors of y.
3
Suppose -2*c = 5*i - 116, -2*i = -2*c - 2*c - 56. Let n(g) = g**2 - 2. Let a be n(-2). Suppose -a*y = y - i. List the prime factors of y.
2
Let c(b) = 6*b**3 + b - 1. Let f be c(1). Let s = 4 - f. What are the prime factors of (s + -1)*(-13)/3?
13
Suppose -240 = -s - 3*s. What are the prime factors of s?
2, 3, 5
Let z(v) = v**3 - 12*v**2 + 3*v - 5. What are the prime factors of z(12)?
31
Let x = 6 + 66. List the prime factors of x.
2, 3
Suppose 0 = -3*n + n + 136. What are the prime factors of n?
2, 17
Let o(l) = l**2 - 10*l + 15. Let q be o(10). Let c = -1 + q. List the prime factors of c.
2, 7
Let o(y) = -y**3 + 7*y**2 - y + 9. Let t be o(7). Suppose t*i - c + 2 = c, -4*i - 18 = 3*c. What are the prime factors of 24/(-3)*(i - -2)?
2
List the prime factors of 6/15*(0 + 165)/3.
2, 11
Let q(p) = -p + 7. Let z be q(5). Suppose z*w - 7 - 5 = 0. What are the prime factors of w?
2, 3
Let c = 252 + -143. What are the prime factors of c?
109
Let t(d) = 0*d**2 - 4*d**2 + 5*d**2. What are the prime factors of t(3)?
3
Let f = 3 - 0. What are the prime factors of f - ((-9)/1)/1?
2, 3
Let l(r) = 4*r**2 - 9*r + 14. What are the prime factors of l(5)?
3, 23
Suppose 2*m = -0*m. Let l = 2 - m. What are the prime factors of l?
2
Let p = -1 + 1. Let r(c) = -9 + 3*c + p - 5*c. List the prime factors of r(-7).
5
Let n(c) = -c - 1. Let q(j) = j**2 + 4*j + 2. Let d(g) = -4*n(g) - q(g). Let x(u) be the first derivative of d(u). What are the prime factors of x(-10)?
2, 5
Suppose 4*a + 8 - 1 = -3*r, 0 = -4*a - r + 3. List the prime factors of a.
2
Let g(m) = -m**3 - 6*m**2 - 4*m - 3. Suppose -25 = 5*f + 5. List the prime factors of g(f).
3, 7
Let t(w) = -34*w - 1. List the prime factors of t(-6).
7, 29
Suppose 0 = -6*b + 2*b + 16. Let m be 15 - 1 - -3 - -1. List the prime factors of m*1/6*b.
2, 3
Let n(z) = -2*z**2 + 9*z + 8 + z**3 - 8*z + 8*z**2. List the prime factors of n(-6).
2
Let a(y) = 4*y**2 - 5*y - 15. List the prime factors of a(6).
3, 11
Let u(q) = -2*q**2 + 20*q. List the prime factors of u(9).
2, 3
Suppose -5*k - x + 374 - 124 = 0, -3*x + 36 = k. Suppose o + 2*o = k. List the prime factors of o.
17
Let u(n) = 24*n - 6. Let k(w) = 1. Let s(q) = 5*k(q) + u(q). Let o be s(1). Suppose -3*f = -4 - o. List the prime factors of f.
3
Suppose 5 = 2*x - 1. Let c be 498/8 - x/12. Suppose c = 4*s + 18. What are the prime factors of s?
11
Let a(b) = b**2 - 2*b + 14. What are the prime factors of a(11)?
113
Let f(g) = 1. Let c(u) be the first derivative of u**2 + 7*u - 1. Let y(i) = -c(i) + 6*f(i). What are the prime factors of y(-4)?
7
Suppose -5*c = -17 - 208. Suppose 5*m = 5*n + c, -m - n = 1 - 16. What are the prime factors of m?
2, 3
Let m(p) = p**3 + p**2. Let c(f) = 6*f**3 + 8*f**2 - 2*f - 3. Let l(g) = c(g) - 5*m(g). What are the prime factors of l(-3)?
3
Suppose 3*l = -3*r + 378, 2*l = -l - 2*r + 374. What are the prime factors of l?
2, 61
Suppose -192 = -8*p + 80. What are the prime factors of p?
2, 17
Suppose -5*q = -0*q - 190. What are the prime factors of q?
2, 19
Let u(x) = 6 + 9*x - 5*x**3 + 4*x**3 - 5*x**2 + x**2. Let z be u(-6). Suppose -a + 6*a + 2*t = z, 3*a = -4*t + 20. What are the prime factors of a?
2
Let j be (2 + 0)*(21 + -19). Suppose 0*i + 60 = 4*i. Suppose -i = -j*t + t. What are the prime factors of t?
5
Let l be (-1)/1 + -8 + 0. Let k = l + 11. What are the prime factors of 3 + -1 + -1 + k?
3
Suppose 0 = -4*d + 2*n - 4*n - 44, -4*n + 42 = -2*d. Let g = d + 23. What are the prime factors of g/(-20) + (-27)/(-2)?
13
Let b = 60 + 11. What are the prime factors of b?
71
Let d(q) = -q + 10. Let a be d(0). Suppose -r + 1 - 2 = -f, 2*r - 3*f = 3. Let b = r + a. What are the prime factors of b?
2
What are the prime factors of -2 - (-13)/((-78)/(-1692))?
2, 5, 7
Let p be (-2)/5 + 8/(-5). Let j be 9/(2/(-16)*p). Suppose 0*l = -3*l + j. What are the prime factors of l?
2, 3
Suppose -30 = -45*y + 44*y. What are the prime factors of y?
2, 3, 5
Suppose -126 = 5*y - 7*y. What are the prime factors of y?
3, 7
Let d(h) = h**2 + 8*h + 13. Let j be d(-8). Suppose -29 = -2*p + j. What are the prime factors of p?
3, 7
Suppose 6*j - 503 = 2*j - 3*r, -5*j + 630 = 5*r. What are the prime factors of j?
5
Let k be (22/4)/((-2)/(-4)). Suppose -2*l + k + 21 = 0. List the prime factors of l.
2
Let a be (5/3 - 1)*3. Let d be (54/72)/(2/8). Suppose -z + a = -2*q, 4*q = d*q. List the prime factors of z.
2
Suppose 0 = -2*s - 0*y - 4*y + 132, 5*s = -4*y + 360. Suppose 44 = 2*n + 2*n + 4*c, 2*c + s = 5*n. What are the prime factors of n?
2, 7
Let x(r) = r**3 + r**2 - r + 18. Let w be x(0). Let n be 610/9 + 4/w. Suppose 6*y - y = u - 37, 4*y + n = 4*u. List the prime factors of u.
2, 3
Suppose -2680 - 410 = -10*h. What are the prime factors of h?
3, 103
Let s = 64 + -90. Let q = s + 62. List the prime factors of q.
2, 3
Let w be ((-1)/1)/(5/(-10)). Suppose b - 18 = -w*b. List the prime factors of b/4*(-1 + 5).
2, 3
List the prime factors of (21/(-5)*-1)/((-28)/(-140)).
3, 7
Let k be -64 - -8*(-4)/(-8). Let u = -7 - k. What are the prime factors of u?
53
Let a = 2 + -7. Let x be (-2)/a + 66/10. What are the prime factors of (x/(-3))/(3/(-9))?
7
Suppose -3*s = -6*s + 195. List the prime factors of s.
5, 13
Let r = -2 + 6. Suppose -4*l - r = -64. List the prime factors of l.
3, 5
List the prime factors of (-4)/14 + 3252/14.
2, 29
Let d = 88 - 10. What are the prime factors of d?
2, 3, 13
Let r = 10 - 6. Let l = -2 + r. List the prime factors of l.
2
Let u = 22 - 32. Suppose -2*i = 2*i - 16, -5*n + 4*i = 1. Let t = n - u. What are the prime factors of t?
13
Suppose 15*j - 150 = 10*j. List the prime factors of j.
2, 3, 5
Suppose 9*v - 11*v = -92. What are the prime factors of v?
2, 23
Suppose 0 = 4*h - 1421 + 333. What are the prime factors of h?
2, 17
Suppose -3*t + o + 85 = 0, -o + 119 = 5*t + 3*o. List the prime factors of t.
3
Suppose 127 = 2*h - 373. List the prime factors of h.
2, 5
Let c(h) = h + 3. Let g be c(0). Let z = 7 - g. What are the prime factors of z?
2
Let v(t) = t**3 - 4*t**2 - 7*t + 19. What are the prime factors of v(6)?
7
Suppose 5*w + 0*w = 2*n - 2, n - 1 = w. Let v = n + 0. Let b(j) = 11*j + 1. What are the prime factors of b(v)?
2, 3
Let m(v) = 30*v - 5. List the prime factors of m(2).
5, 11
Let v(d) be the third derivative of -2/3*d**3 + 1/6*d**4 + d**2 + 0*d + 0. List the prime factors of v(4).
2, 3
Let d = 108 - 69. What are the prime factors of d?
3, 13
What are the prime factors of (108/(-14))/((-6)/126)?
2, 3
Let z be (1 + -2)*(1 - 1). Let m be 1 - z - (-3 + 1). Suppose 5 = 2*t - m. What are the prime factors of t?
2
Suppose -4*g + 8*n - 3*n + 62 = 0, g - 4*n - 10 = 0. List the prime factors of g.
2, 3
Suppose -4*c = 25 - 73. Suppose d - y = 4*d - 32, 0 = -3*y - c. List the prime factors of d.
2, 3
Let d be 3*(-8)/(-6) - -1. Suppose 0 = k - d, 2*v + 0*k = 2*k + 62. List the prime factors of v.
2, 3
Let w(l) = l**2 + 10*l - 2. Suppose 22 = -0*y - 2*y. What are the prime factors of w(y)?
3
What are the prime factors of 1392/20 + (-4)/(-10)?
2, 5, 7
Let g(c) = -9*c - 3. What are the prime factors of g(-1)?
2, 3
Let p(v) = -v**3 - 3*v - v - 1 + 9 + 7*v**2. List the prime factors of p(6).
2, 5
Let q = 353 - 185. List the prime factors of q.
2, 3, 7
Suppose -5*w + z - 6*z + 80 = 0, 0 = -2*z + 8. Let t(j) = -j**3 + 13*j**2 - 10*j. List the prime factors of t(w).
2, 3
Suppose -5*q - 378 - 136 = -3*s, -4*q - 418 = s. Let n = -61 - q. Let r = 66 - n. List the prime factors of r.
23
Suppose 0*g + 4*g = 0. Suppose m = -g*m + 19. What are the prime factors of m?
19
Let u(c) = 2*c**3 - 4*c**2 - 12*c - 5. What are the prime factors of u(5)?
5, 17
Let n = -21 + 29. Let u = n + -3. What are the prime factors of u?
5
Let v = 48 + -10. What are the prime factors of v?
2, 19
Suppose -c + 718 = 3*b, -236 = -b - 0*b - c. List the prime factors of b.
241
Let g(k) = -7*k. List the prime factors of g(-2).
2, 7
Suppose k - 9 = -g, 5*g + 0*k - 43 = -3*k. Let u(d) = d - 3. What are the prime factors of u(g)?
5
Let h(x) = -x**2 + 9*x - 10. Let n be h(7). Let c = -77 + 123. Suppose -4*y + c - 10 = 4*v, n*y - 4*v = 52. List the prime factors of y.
11
Suppose 2 = t, 4*w = -2*t 